{"id":35,"date":"2025-06-03T14:11:37","date_gmt":"2025-06-03T12:11:37","guid":{"rendered":"http:\/\/generaledeforages.fr\/?page_id=35"},"modified":"2025-06-17T21:53:31","modified_gmt":"2025-06-17T19:53:31","slug":"contacts","status":"publish","type":"page","link":"https:\/\/generaledeforages.fr\/index.php\/contacts\/","title":{"rendered":"Contacts"},"content":{"rendered":"\n<p class=\"has-text-align-center\">Une question ? Un projet ? Parlons-en !<\/p>\n\n\n\n<p class=\"has-text-align-center\">Chaque terrain a son histoire, chaque projet a ses d\u00e9fis! Depuis 40 ans, la Compagnie G\u00e9n\u00e9rale de Forage vous accompagne avec expertise et savoir-faire dans la recherche d&rsquo;une solution adapt\u00e9e.<\/p>\n\n\n\n<p class=\"has-text-align-center\">Besoin d&rsquo;un \u00e9change personnalis\u00e9? Ma\u00ebl, votre interlocuteur privil\u00e9gi\u00e9, prendra le temps d\u2019\u00e9couter vos besoins et de vous proposer les meilleures solutions.<\/p>\n\n\n\n<p class=\"has-text-align-center\">\ud83d\udcde <strong>T\u00e9l\u00e9phone<\/strong> : 07.87.33.07.53 ou 06.10.13.57.45<br>\ud83d\udce7 <strong>Email<\/strong> : cgf.forage@orange.fr<\/p>\n\n\n\n<p><\/p>\n\n\n\n<p><\/p>\n","protected":false},"excerpt":{"rendered":"<p>Une question ? Un projet ? Parlons-en ! Chaque terrain a son histoire, chaque projet a ses d\u00e9fis! Depuis 40 ans, la Compagnie G\u00e9n\u00e9rale de &hellip;<\/p>\n","protected":false},"author":1,"featured_media":0,"parent":0,"menu_order":0,"comment_status":"closed","ping_status":"closed","template":"","meta":{"footnotes":""},"class_list":["post-35","page","type-page","status-publish","hentry"],"_links":{"self":[{"href":"https:\/\/generaledeforages.fr\/index.php\/wp-json\/wp\/v2\/pages\/35","targetHints":{"allow":["GET"]}}],"collection":[{"href":"https:\/\/generaledeforages.fr\/index.php\/wp-json\/wp\/v2\/pages"}],"about":[{"href":"https:\/\/generaledeforages.fr\/index.php\/wp-json\/wp\/v2\/types\/page"}],"author":[{"embeddable":true,"href":"https:\/\/generaledeforages.fr\/index.php\/wp-json\/wp\/v2\/users\/1"}],"replies":[{"embeddable":true,"href":"https:\/\/generaledeforages.fr\/index.php\/wp-json\/wp\/v2\/comments?post=35"}],"version-history":[{"count":3,"href":"https:\/\/generaledeforages.fr\/index.php\/wp-json\/wp\/v2\/pages\/35\/revisions"}],"predecessor-version":[{"id":103,"href":"https:\/\/generaledeforages.fr\/index.php\/wp-json\/wp\/v2\/pages\/35\/revisions\/103"}],"wp:attachment":[{"href":"https:\/\/generaledeforages.fr\/index.php\/wp-json\/wp\/v2\/media?parent=35"}],"curies":[{"name":"wp","href":"https:\/\/api.w.org\/{rel}","templated":true}]}}